{"id":50,"date":"2014-12-07T18:00:02","date_gmt":"2014-12-07T18:00:02","guid":{"rendered":"http:\/\/rivjera.lt\/viesbutis\/?page_id=50"},"modified":"2019-12-27T14:32:57","modified_gmt":"2019-12-27T12:32:57","slug":"motelio-galerija","status":"publish","type":"page","link":"https:\/\/apgyvendinimaskaune.lt\/?page_id=50","title":{"rendered":"Motelio galerija"},"content":{"rendered":"<p><strong>Motelio galerija<\/strong> -per\u017ei\u016br\u0117kite m\u016bs\u0173 motelio nuotrauk\u0173 galerij\u0105.<\/p>\n<p>[Not a valid template]<br \/>\nPo sunkios darbo dienos si\u016blome papildomai i\u0161sinuomti pirt\u012f su sukurine vonia: <a href=\"https:\/\/apgyvendinimaskaune.lt\/pirtis-su-sukurine-vonia\/\">https:\/\/apgyvendinimaskaune.lt\/pirtis-su-sukurine-vonia\/<\/a><\/p>\n<p>Taip pat turistams si\u016blome apsilankyti Kauno rajono puslapyje ir su\u017einoti daugiau informacijos apie lankytinas vietas, taip pat rasite vis\u0105 informacij\u0105 i\u0161 Kauno rajono turizmo centro: <a href=\"https:\/\/www.kaunorajonas.lt\/\">https:\/\/www.kaunorajonas.lt\/<\/a><\/p>","protected":false},"excerpt":{"rendered":"<p>Motelio galerija -per\u017ei\u016br\u0117kite m\u016bs\u0173 motelio nuotrauk\u0173 galerij\u0105. Po sunkios darbo dienos si\u016blome papildomai i\u0161sinuomti pirt\u012f su sukurine vonia: https:\/\/apgyvendinimaskaune.lt\/pirtis-su-sukurine-vonia\/ Taip pat turistams si\u016blome apsilankyti Kauno rajono puslapyje ir su\u017einoti daugiau informacijos apie lankytinas vietas, taip pat rasite vis\u0105 informacij\u0105 i\u0161 Kauno rajono turizmo centro: https:\/\/www.kaunorajonas.lt\/<\/p>\n","protected":false},"author":1,"featured_media":57,"parent":0,"menu_order":0,"comment_status":"open","ping_status":"open","template":"","meta":{"ngg_post_thumbnail":0},"yoast_head":"<!-- This site is optimized with the Yoast SEO plugin v15.9 - https:\/\/yoast.com\/wordpress\/plugins\/seo\/ -->\n<meta name=\"description\" content=\"Rivjera motelio galerija nuotraukos. Su\u017einokite kaip atrodo su m\u016bs\u0173 motelio kambariai, pirtis bei aplinka, per\u017ei\u016br\u0117j\u0119 nuotrauk\u0173 galerij\u0105 tinklalapyje.\" \/>\n<meta name=\"robots\" content=\"index, follow, max-snippet:-1, max-image-preview:large, max-video-preview:-1\" \/>\n<link rel=\"canonical\" href=\"https:\/\/apgyvendinimaskaune.lt\/?page_id=50\" \/>\n<meta property=\"og:locale\" content=\"lt_LT\" \/>\n<meta property=\"og:type\" content=\"article\" \/>\n<meta property=\"og:title\" content=\"Motelio galerija | Rivjera motelis Motelio galerija Motelio galerija\" \/>\n<meta property=\"og:description\" content=\"Rivjera motelio galerija nuotraukos. Su\u017einokite kaip atrodo su m\u016bs\u0173 motelio kambariai, pirtis bei aplinka, per\u017ei\u016br\u0117j\u0119 nuotrauk\u0173 galerij\u0105 tinklalapyje.\" \/>\n<meta property=\"og:url\" content=\"https:\/\/apgyvendinimaskaune.lt\/?page_id=50\" \/>\n<meta property=\"og:site_name\" content=\"Rivjera vie&scaron;butis\" \/>\n<meta property=\"article:modified_time\" content=\"2019-12-27T12:32:57+00:00\" \/>\n<meta property=\"og:image\" content=\"https:\/\/apgyvendinimaskaune.lt\/wp-content\/uploads\/2014\/12\/DSC08825.jpg\" \/>\n\t<meta property=\"og:image:width\" content=\"1920\" \/>\n\t<meta property=\"og:image:height\" content=\"2560\" \/>\n<script type=\"application\/ld+json\" class=\"yoast-schema-graph\">{\"@context\":\"https:\/\/schema.org\",\"@graph\":[{\"@type\":\"Organization\",\"@id\":\"https:\/\/apgyvendinimaskaune.lt\/#organization\",\"name\":\"Rivjera Vie\\u0161butis\",\"url\":\"https:\/\/apgyvendinimaskaune.lt\/\",\"sameAs\":[],\"logo\":{\"@type\":\"ImageObject\",\"@id\":\"https:\/\/apgyvendinimaskaune.lt\/#logo\",\"inLanguage\":\"lt-LT\",\"url\":\"https:\/\/apgyvendinimaskaune.lt\/wp-content\/uploads\/2014\/02\/vies.png\",\"width\":173,\"height\":120,\"caption\":\"Rivjera Vie\\u0161butis\"},\"image\":{\"@id\":\"https:\/\/apgyvendinimaskaune.lt\/#logo\"}},{\"@type\":\"WebSite\",\"@id\":\"https:\/\/apgyvendinimaskaune.lt\/#website\",\"url\":\"https:\/\/apgyvendinimaskaune.lt\/\",\"name\":\"Rivjera vie&scaron;butis\",\"description\":\"Vie&scaron;butis\",\"publisher\":{\"@id\":\"https:\/\/apgyvendinimaskaune.lt\/#organization\"},\"potentialAction\":[{\"@type\":\"SearchAction\",\"target\":\"https:\/\/apgyvendinimaskaune.lt\/?s={search_term_string}\",\"query-input\":\"required name=search_term_string\"}],\"inLanguage\":\"lt-LT\"},{\"@type\":\"ImageObject\",\"@id\":\"https:\/\/apgyvendinimaskaune.lt\/?page_id=50#primaryimage\",\"inLanguage\":\"lt-LT\",\"url\":\"https:\/\/apgyvendinimaskaune.lt\/wp-content\/uploads\/2014\/12\/DSC08825.jpg\",\"width\":1920,\"height\":2560,\"caption\":\"Vie\\u0161bu\\u010dio galerija\"},{\"@type\":\"WebPage\",\"@id\":\"https:\/\/apgyvendinimaskaune.lt\/?page_id=50#webpage\",\"url\":\"https:\/\/apgyvendinimaskaune.lt\/?page_id=50\",\"name\":\"Motelio galerija | Rivjera motelis Motelio galerija Motelio galerija\",\"isPartOf\":{\"@id\":\"https:\/\/apgyvendinimaskaune.lt\/#website\"},\"primaryImageOfPage\":{\"@id\":\"https:\/\/apgyvendinimaskaune.lt\/?page_id=50#primaryimage\"},\"datePublished\":\"2014-12-07T18:00:02+00:00\",\"dateModified\":\"2019-12-27T12:32:57+00:00\",\"description\":\"Rivjera motelio galerija nuotraukos. Su\\u017einokite kaip atrodo su m\\u016bs\\u0173 motelio kambariai, pirtis bei aplinka, per\\u017ei\\u016br\\u0117j\\u0119 nuotrauk\\u0173 galerij\\u0105 tinklalapyje.\",\"breadcrumb\":{\"@id\":\"https:\/\/apgyvendinimaskaune.lt\/?page_id=50#breadcrumb\"},\"inLanguage\":\"lt-LT\",\"potentialAction\":[{\"@type\":\"ReadAction\",\"target\":[\"https:\/\/apgyvendinimaskaune.lt\/?page_id=50\"]}]},{\"@type\":\"BreadcrumbList\",\"@id\":\"https:\/\/apgyvendinimaskaune.lt\/?page_id=50#breadcrumb\",\"itemListElement\":[{\"@type\":\"ListItem\",\"position\":1,\"item\":{\"@type\":\"WebPage\",\"@id\":\"https:\/\/apgyvendinimaskaune.lt\/\",\"url\":\"https:\/\/apgyvendinimaskaune.lt\/\",\"name\":\"Home\"}},{\"@type\":\"ListItem\",\"position\":2,\"item\":{\"@type\":\"WebPage\",\"@id\":\"https:\/\/apgyvendinimaskaune.lt\/?page_id=50\",\"url\":\"https:\/\/apgyvendinimaskaune.lt\/?page_id=50\",\"name\":\"Motelio galerija\"}}]}]}<\/script>\n<!-- \/ Yoast SEO plugin. -->","_links":{"self":[{"href":"https:\/\/apgyvendinimaskaune.lt\/index.php?rest_route=\/wp\/v2\/pages\/50"}],"collection":[{"href":"https:\/\/apgyvendinimaskaune.lt\/index.php?rest_route=\/wp\/v2\/pages"}],"about":[{"href":"https:\/\/apgyvendinimaskaune.lt\/index.php?rest_route=\/wp\/v2\/types\/page"}],"author":[{"embeddable":true,"href":"https:\/\/apgyvendinimaskaune.lt\/index.php?rest_route=\/wp\/v2\/users\/1"}],"replies":[{"embeddable":true,"href":"https:\/\/apgyvendinimaskaune.lt\/index.php?rest_route=%2Fwp%2Fv2%2Fcomments&post=50"}],"version-history":[{"count":2,"href":"https:\/\/apgyvendinimaskaune.lt\/index.php?rest_route=\/wp\/v2\/pages\/50\/revisions"}],"predecessor-version":[{"id":892,"href":"https:\/\/apgyvendinimaskaune.lt\/index.php?rest_route=\/wp\/v2\/pages\/50\/revisions\/892"}],"wp:featuredmedia":[{"embeddable":true,"href":"https:\/\/apgyvendinimaskaune.lt\/index.php?rest_route=\/wp\/v2\/media\/57"}],"wp:attachment":[{"href":"https:\/\/apgyvendinimaskaune.lt\/index.php?rest_route=%2Fwp%2Fv2%2Fmedia&parent=50"}],"curies":[{"name":"wp","href":"https:\/\/api.w.org\/{rel}","templated":true}]}}