{"id":44,"date":"2014-12-07T17:58:23","date_gmt":"2014-12-07T17:58:23","guid":{"rendered":"http:\/\/rivjera.lt\/viesbutis\/?page_id=44"},"modified":"2022-09-08T16:05:26","modified_gmt":"2022-09-08T13:05:26","slug":"kambariu-nuoma","status":"publish","type":"page","link":"https:\/\/apgyvendinimaskaune.lt\/?page_id=44","title":{"rendered":"Kambari\u0173 nuoma"},"content":{"rendered":"<p><strong>Kambari\u0173 nuoma<\/strong> Kaune ir Kauno rajone<\/p>\n<p>Antrajame vie\u0161bu\u010dio auk\u0161te \u012frengti 9 kambariai ir balkonas. Erdv\u016bs dvivie\u010diai, bei keturvie\u010diai kambariai, puikiai tinkantys apsistoti \u0161eimai su vaikais, didesnei draug\u0173 kompanijai ar \u012fmoni\u0173 darbuotojams. Kambariuose yra pla\u010dios dvigul\u0117s ir viengul\u0117s lovos, atskiri vonios kambariai, kabelin\u0117 televizija, belaidis internetas. Kai kuriuose kambariuose \u012frengta atskira virtuv\u0117. Kiti sve\u010diai turi galimyb\u0119 naudotis bendra virtuve su visa reikalinga \u012franga vie\u0161bu\u010dio apa\u010dioje.<br \/>\nTrumpalaik\u0117 ir ilgalaik\u0117 <strong>kambari\u0173 nuoma<\/strong>.<br \/>\nNuomojami kambariai trumpalaikiai ir ilgalaikei nuomai. Vienvie\u010diai, dvivie\u010diai, trivie\u010diai, keturvie\u010diai kambariai. Grupi\u0173 apgyvendinimas, darbuotoj\u0173 apgyvendinimas. Ilgesniam laikui arba didesn\u0117ms grup\u0117ms taikomos itin geros nuolaidos.<\/p>\n<p>Standartinis dvivietis 40\u20ac para<\/p>\n<p>Kaina savaitei \u017emogui 70\u20ac + PVM.<br \/>\nKaina m\u0117nesiui, vienam \u017emogui 200\u20ac + PVM.<br \/>\nVisi mokes\u010diai \u012fskai\u010diuoti. I\u0161ra\u0161ome s\u0105skaitas fakt\u016bras.<br \/>\nApgyvendiname iki 40 \u017emoni\u0173 grupes.<br \/>\nKaunas \u2013 Prienai kelias. Iki Kauno centro tik 15km. Nuo Garliavos 2 km, <strong>kambari\u0173 nuoma<\/strong>.<br \/>\nPo sunkios darbo dienos si\u016blome papildomai i\u0161sinuomti pirt\u012f su sukurine vonia: <a href=\"https:\/\/apgyvendinimaskaune.lt\/pirtis-su-sukurine-vonia\/\">https:\/\/apgyvendinimaskaune.lt\/pirtis-su-sukurine-vonia\/<\/a><\/p>\n<p>Taip pat turistams si\u016blome apsilankyti Kauno rajono puslapyje ir su\u017einoti daugiau informacijos apie lankytinas vietas, taip pat rasite vis\u0105 informacij\u0105 i\u0161 Kauno rajono turizmo centro: <a href=\"https:\/\/www.kaunorajonas.lt\/\">https:\/\/www.kaunorajonas.lt\/<\/a><\/p>","protected":false},"excerpt":{"rendered":"<p>Kambari\u0173 nuoma Kaune ir Kauno rajone Antrajame vie\u0161bu\u010dio auk\u0161te \u012frengti 9 kambariai ir balkonas. Erdv\u016bs dvivie\u010diai, bei keturvie\u010diai kambariai, puikiai tinkantys apsistoti \u0161eimai su vaikais, didesnei draug\u0173 kompanijai ar \u012fmoni\u0173 darbuotojams. Kambariuose yra pla\u010dios dvigul\u0117s ir viengul\u0117s lovos, atskiri vonios kambariai, kabelin\u0117 televizija, belaidis internetas. Kai kuriuose kambariuose \u012frengta atskira virtuv\u0117. Kiti sve\u010diai turi galimyb\u0119 <\/p>\n","protected":false},"author":1,"featured_media":893,"parent":0,"menu_order":0,"comment_status":"open","ping_status":"open","template":"","meta":{"ngg_post_thumbnail":0},"yoast_head":"<!-- This site is optimized with the Yoast SEO plugin v15.9 - https:\/\/yoast.com\/wordpress\/plugins\/seo\/ -->\n<meta name=\"description\" content=\"Kambari\u0173 nuoma su erdviais dvivie\u010diais, bei keturvie\u010diu kambariais, puikiai tinka darbuotoj\u0173 apgyvendinimui komandiruot\u0117se.\" \/>\n<meta name=\"robots\" content=\"index, follow, max-snippet:-1, max-image-preview:large, max-video-preview:-1\" \/>\n<link rel=\"canonical\" href=\"https:\/\/apgyvendinimaskaune.lt\/?page_id=44\" \/>\n<meta property=\"og:locale\" content=\"lt_LT\" \/>\n<meta property=\"og:type\" content=\"article\" \/>\n<meta property=\"og:title\" content=\"[:lt]Kambari\u0173 nuoma [:ru]Kambari\u0173 nuoma \u041a\u043e\u043c\u043d\u0430\u0442\u044b - \u0416\u0438\u043b\u044c\u0451 \u0432 \u041a\u0430\u0443\u043d\u0430\u0441\u0435[:en]Kambari\u0173 nuoma [:]\" \/>\n<meta property=\"og:description\" content=\"Kambari\u0173 nuoma su erdviais dvivie\u010diais, bei keturvie\u010diu kambariais, puikiai tinka darbuotoj\u0173 apgyvendinimui komandiruot\u0117se.\" \/>\n<meta property=\"og:url\" content=\"https:\/\/apgyvendinimaskaune.lt\/?page_id=44\" \/>\n<meta property=\"og:site_name\" content=\"Rivjera vie&scaron;butis\" \/>\n<meta property=\"article:modified_time\" content=\"2022-09-08T13:05:26+00:00\" \/>\n<meta property=\"og:image\" content=\"https:\/\/apgyvendinimaskaune.lt\/wp-content\/uploads\/2019\/12\/IMG_2991.jpg\" \/>\n\t<meta property=\"og:image:width\" content=\"1936\" \/>\n\t<meta property=\"og:image:height\" content=\"1288\" \/>\n<meta name=\"twitter:label1\" content=\"Est. reading time\">\n\t<meta name=\"twitter:data1\" content=\"1 minut\u0117\">\n<script type=\"application\/ld+json\" class=\"yoast-schema-graph\">{\"@context\":\"https:\/\/schema.org\",\"@graph\":[{\"@type\":\"Organization\",\"@id\":\"https:\/\/apgyvendinimaskaune.lt\/#organization\",\"name\":\"Rivjera Vie\\u0161butis\",\"url\":\"https:\/\/apgyvendinimaskaune.lt\/\",\"sameAs\":[],\"logo\":{\"@type\":\"ImageObject\",\"@id\":\"https:\/\/apgyvendinimaskaune.lt\/#logo\",\"inLanguage\":\"lt-LT\",\"url\":\"https:\/\/apgyvendinimaskaune.lt\/wp-content\/uploads\/2014\/02\/vies.png\",\"width\":173,\"height\":120,\"caption\":\"Rivjera Vie\\u0161butis\"},\"image\":{\"@id\":\"https:\/\/apgyvendinimaskaune.lt\/#logo\"}},{\"@type\":\"WebSite\",\"@id\":\"https:\/\/apgyvendinimaskaune.lt\/#website\",\"url\":\"https:\/\/apgyvendinimaskaune.lt\/\",\"name\":\"Rivjera vie&scaron;butis\",\"description\":\"Vie&scaron;butis\",\"publisher\":{\"@id\":\"https:\/\/apgyvendinimaskaune.lt\/#organization\"},\"potentialAction\":[{\"@type\":\"SearchAction\",\"target\":\"https:\/\/apgyvendinimaskaune.lt\/?s={search_term_string}\",\"query-input\":\"required name=search_term_string\"}],\"inLanguage\":\"lt-LT\"},{\"@type\":\"ImageObject\",\"@id\":\"https:\/\/apgyvendinimaskaune.lt\/?page_id=44#primaryimage\",\"inLanguage\":\"lt-LT\",\"url\":\"https:\/\/apgyvendinimaskaune.lt\/wp-content\/uploads\/2019\/12\/IMG_2991.jpg\",\"width\":1936,\"height\":1288,\"caption\":\"kambari\\u0173 nuoma\"},{\"@type\":\"WebPage\",\"@id\":\"https:\/\/apgyvendinimaskaune.lt\/?page_id=44#webpage\",\"url\":\"https:\/\/apgyvendinimaskaune.lt\/?page_id=44\",\"name\":\"[:lt]Kambari\\u0173 nuoma [:ru]Kambari\\u0173 nuoma \\u041a\\u043e\\u043c\\u043d\\u0430\\u0442\\u044b - \\u0416\\u0438\\u043b\\u044c\\u0451 \\u0432 \\u041a\\u0430\\u0443\\u043d\\u0430\\u0441\\u0435[:en]Kambari\\u0173 nuoma [:]\",\"isPartOf\":{\"@id\":\"https:\/\/apgyvendinimaskaune.lt\/#website\"},\"primaryImageOfPage\":{\"@id\":\"https:\/\/apgyvendinimaskaune.lt\/?page_id=44#primaryimage\"},\"datePublished\":\"2014-12-07T17:58:23+00:00\",\"dateModified\":\"2022-09-08T13:05:26+00:00\",\"description\":\"Kambari\\u0173 nuoma su erdviais dvivie\\u010diais, bei keturvie\\u010diu kambariais, puikiai tinka darbuotoj\\u0173 apgyvendinimui komandiruot\\u0117se.\",\"breadcrumb\":{\"@id\":\"https:\/\/apgyvendinimaskaune.lt\/?page_id=44#breadcrumb\"},\"inLanguage\":\"lt-LT\",\"potentialAction\":[{\"@type\":\"ReadAction\",\"target\":[\"https:\/\/apgyvendinimaskaune.lt\/?page_id=44\"]}]},{\"@type\":\"BreadcrumbList\",\"@id\":\"https:\/\/apgyvendinimaskaune.lt\/?page_id=44#breadcrumb\",\"itemListElement\":[{\"@type\":\"ListItem\",\"position\":1,\"item\":{\"@type\":\"WebPage\",\"@id\":\"https:\/\/apgyvendinimaskaune.lt\/\",\"url\":\"https:\/\/apgyvendinimaskaune.lt\/\",\"name\":\"Home\"}},{\"@type\":\"ListItem\",\"position\":2,\"item\":{\"@type\":\"WebPage\",\"@id\":\"https:\/\/apgyvendinimaskaune.lt\/?page_id=44\",\"url\":\"https:\/\/apgyvendinimaskaune.lt\/?page_id=44\",\"name\":\"Kambari\\u0173 nuoma\"}}]}]}<\/script>\n<!-- \/ Yoast SEO plugin. -->","_links":{"self":[{"href":"https:\/\/apgyvendinimaskaune.lt\/index.php?rest_route=\/wp\/v2\/pages\/44"}],"collection":[{"href":"https:\/\/apgyvendinimaskaune.lt\/index.php?rest_route=\/wp\/v2\/pages"}],"about":[{"href":"https:\/\/apgyvendinimaskaune.lt\/index.php?rest_route=\/wp\/v2\/types\/page"}],"author":[{"embeddable":true,"href":"https:\/\/apgyvendinimaskaune.lt\/index.php?rest_route=\/wp\/v2\/users\/1"}],"replies":[{"embeddable":true,"href":"https:\/\/apgyvendinimaskaune.lt\/index.php?rest_route=%2Fwp%2Fv2%2Fcomments&post=44"}],"version-history":[{"count":19,"href":"https:\/\/apgyvendinimaskaune.lt\/index.php?rest_route=\/wp\/v2\/pages\/44\/revisions"}],"predecessor-version":[{"id":915,"href":"https:\/\/apgyvendinimaskaune.lt\/index.php?rest_route=\/wp\/v2\/pages\/44\/revisions\/915"}],"wp:featuredmedia":[{"embeddable":true,"href":"https:\/\/apgyvendinimaskaune.lt\/index.php?rest_route=\/wp\/v2\/media\/893"}],"wp:attachment":[{"href":"https:\/\/apgyvendinimaskaune.lt\/index.php?rest_route=%2Fwp%2Fv2%2Fmedia&parent=44"}],"curies":[{"name":"wp","href":"https:\/\/api.w.org\/{rel}","templated":true}]}}