{"id":2,"date":"2014-01-30T20:16:13","date_gmt":"2014-01-30T20:16:13","guid":{"rendered":"http:\/\/rivjera.lt\/viesbutis\/?page_id=2"},"modified":"2020-06-06T12:33:08","modified_gmt":"2020-06-06T09:33:08","slug":"apgyvendinimas-kaune","status":"publish","type":"page","link":"https:\/\/apgyvendinimaskaune.lt\/","title":{"rendered":"Apgyvendinimas Kaune"},"content":{"rendered":"<p>Apgyvendinimas Kaune &gt;M\u016bs\u0173 vie\u0161butis \u012fsik\u016br\u0119s strategi\u0161kai patogioje Lietuvos vietoje \u2013 15 km. nuo Kauno centro ir tik 2 km. nuo Garliavos miesto, Kaunas \u2013 Prienai kelyje, netoli pagrindinio tarptautinio transporto greitkelio ViaBaltica, tod\u0117l nesunku mus rasti ir labai patogu atva\u017eiuoti. Apgyvendinimui si\u016blome a\u0161tuonis dvivie\u010dius kambarius bei vien\u0105 keturviet\u012f, kuriuose gali apsistoti darbuotojai, darbinink\u0173 grup\u0117s ar \u0161eimos. Visi kambariai pasi\u017eymi geromis s\u0105lygomis, \u010dia rasite visus esminius patogumus: reikalingus baldus, televizori\u0173, atskirus vonios kambarius ir pan. Atvykus nereikia r\u016bpintis ir ie\u0161koti vietos automobiliui, nes yra \u012frengta patogi stov\u0117jimo aik\u0161tel\u0117, o visa teritorija saugoma.<\/p>\n<p>M\u016bs\u0173 vie\u0161butyje galima apsistoti tiek trumpam, tiek ilgesniam laikotarpiui, nuo vienos paros iki met\u0173 laiko. Visada stengiam\u0117s, kad sve\u010diams nakvyn\u0117 b\u016bt\u0173 patogi, o malonus bei nuo\u0161irdus aptarnavimas palikt\u0173 tik teigiam\u0105 \u012fsp\u016bd\u012f. Esame \u012fsik\u016br\u0119 gamtos apsuptyje, tod\u0117l garantuojame ram\u0173 poils\u012f, kurio metu galima atgauti j\u0117gas po atlikt\u0173 darb\u0173. Sve\u010diai visada gali i\u0161eiti \u012f lauko teras\u0105 arba pasivaik\u0161\u010dioti po sod\u0105. Mes galime u\u017etikrinti, jog m\u016bs\u0173 si\u016blomas apgyvendinimas Kaune bus jaukus, Jus nuolat sups harmoninga aplinka, tvarkingai \u012frengti ir pri\u017ei\u016brimi kambariai.<\/p>\n<p>Darbdaviai, kurie ie\u0161ko, kur apgyvendinti savo darbinink\u0173 grupes, ar patys darbuotojai, besidomintys, kur reik\u0117s gyventi komandiruo\u010di\u0173 metu, dr\u0105siai gali kreiptis nurodytais kontaktais. Esame lankst\u016bs ir visada ie\u0161kome kompromis\u0173. Pagal susitarim\u0105 ir galimybes galima i\u0161sinuomoti pirt\u012f, s\u016bkurin\u0119 voni\u0105 \u2013 kas leis pails\u0117ti ir atsipalaiduoti po sunkios darbo dienos. M\u016bs\u0173 si\u016blomas apgyvendinimas Kaune garantuos ram\u0173 poils\u012f, puikias gyvenimo s\u0105lygas geriausiu kainos ir kokyb\u0117s santykiu. Jei ie\u0161kote kur apsistoti \u2013 m\u016bs\u0173 vie\u0161butis Rivjera yra visada pasiruo\u0161\u0119s priimti ir maloniai laukia nauj\u0173 bei paslaugas jau i\u0161band\u017eiusi\u0173 klient\u0173.<\/p>\n<p>Po sunkios darbo dienos si\u016blome papildomai i\u0161sinuomti pirt\u012f su sukurine vonia: <a href=\"https:\/\/apgyvendinimaskaune.lt\/pirtis-su-sukurine-vonia\/\">https:\/\/apgyvendinimaskaune.lt\/pirtis-su-sukurine-vonia\/<\/a><\/p>\n<p>Taip pat m\u016bs\u0173 klientams si\u016blome apsilankyti m\u016bs\u0173 bald\u0173 parduotuv\u0117s tinklalapyje ir gauti nuolaidas pasirinktiems baldams. Bald\u0173 pasirinkim\u0105 rasite \u010dia: <a href=\"https:\/\/www.rivjera.lt\/\">https:\/\/www.rivjera.lt\/<\/a><\/p>","protected":false},"excerpt":{"rendered":"<p>Apgyvendinimas Kaune &gt;M\u016bs\u0173 vie\u0161butis \u012fsik\u016br\u0119s strategi\u0161kai patogioje Lietuvos vietoje \u2013 15 km. nuo Kauno centro ir tik 2 km. nuo Garliavos miesto, Kaunas \u2013 Prienai kelyje, netoli pagrindinio tarptautinio transporto greitkelio ViaBaltica, tod\u0117l nesunku mus rasti ir labai patogu atva\u017eiuoti. Apgyvendinimui si\u016blome a\u0161tuonis dvivie\u010dius kambarius bei vien\u0105 keturviet\u012f, kuriuose gali apsistoti darbuotojai, darbinink\u0173 grup\u0117s ar <\/p>\n","protected":false},"author":1,"featured_media":776,"parent":0,"menu_order":0,"comment_status":"open","ping_status":"open","template":"","meta":{"ngg_post_thumbnail":0},"yoast_head":"<!-- This site is optimized with the Yoast SEO plugin v15.9 - https:\/\/yoast.com\/wordpress\/plugins\/seo\/ -->\n<meta name=\"description\" content=\"M\u016bs\u0173 si\u016blomas apgyvendinimas Kaune vie\u0161butyje Rivjera gali b\u016bti trumpalaikis ar ilgalaikis skirtas \u0161eimoms, draug\u0173 kompanijai ar darbuotojams iki 30 \u017emoni\u0173.\" \/>\n<meta name=\"robots\" content=\"index, follow, max-snippet:-1, max-image-preview:large, max-video-preview:-1\" \/>\n<link rel=\"canonical\" href=\"https:\/\/apgyvendinimaskaune.lt\/\" \/>\n<meta property=\"og:locale\" content=\"lt_LT\" \/>\n<meta property=\"og:type\" content=\"article\" \/>\n<meta property=\"og:title\" content=\"Apgyvendinimas Kaune, Rivjera, darbuotoj\u0173 apgyvendinimas Kaune\" \/>\n<meta property=\"og:description\" content=\"M\u016bs\u0173 si\u016blomas apgyvendinimas Kaune vie\u0161butyje Rivjera gali b\u016bti trumpalaikis ar ilgalaikis skirtas \u0161eimoms, draug\u0173 kompanijai ar darbuotojams iki 30 \u017emoni\u0173.\" \/>\n<meta property=\"og:url\" content=\"https:\/\/apgyvendinimaskaune.lt\/\" \/>\n<meta property=\"og:site_name\" content=\"Rivjera vie&scaron;butis\" \/>\n<meta property=\"article:modified_time\" content=\"2020-06-06T09:33:08+00:00\" \/>\n<meta property=\"og:image\" content=\"https:\/\/apgyvendinimaskaune.lt\/wp-content\/uploads\/2014\/12\/2012-07-31-14.54.37.jpg\" \/>\n\t<meta property=\"og:image:width\" content=\"615\" \/>\n\t<meta property=\"og:image:height\" content=\"461\" \/>\n<meta name=\"twitter:label1\" content=\"Est. reading time\">\n\t<meta name=\"twitter:data1\" content=\"3 minut\u0117s\">\n<script type=\"application\/ld+json\" class=\"yoast-schema-graph\">{\"@context\":\"https:\/\/schema.org\",\"@graph\":[{\"@type\":\"Organization\",\"@id\":\"https:\/\/apgyvendinimaskaune.lt\/#organization\",\"name\":\"Rivjera Vie\\u0161butis\",\"url\":\"https:\/\/apgyvendinimaskaune.lt\/\",\"sameAs\":[],\"logo\":{\"@type\":\"ImageObject\",\"@id\":\"https:\/\/apgyvendinimaskaune.lt\/#logo\",\"inLanguage\":\"lt-LT\",\"url\":\"https:\/\/apgyvendinimaskaune.lt\/wp-content\/uploads\/2014\/02\/vies.png\",\"width\":173,\"height\":120,\"caption\":\"Rivjera Vie\\u0161butis\"},\"image\":{\"@id\":\"https:\/\/apgyvendinimaskaune.lt\/#logo\"}},{\"@type\":\"WebSite\",\"@id\":\"https:\/\/apgyvendinimaskaune.lt\/#website\",\"url\":\"https:\/\/apgyvendinimaskaune.lt\/\",\"name\":\"Rivjera vie&scaron;butis\",\"description\":\"Vie&scaron;butis\",\"publisher\":{\"@id\":\"https:\/\/apgyvendinimaskaune.lt\/#organization\"},\"potentialAction\":[{\"@type\":\"SearchAction\",\"target\":\"https:\/\/apgyvendinimaskaune.lt\/?s={search_term_string}\",\"query-input\":\"required name=search_term_string\"}],\"inLanguage\":\"lt-LT\"},{\"@type\":\"ImageObject\",\"@id\":\"https:\/\/apgyvendinimaskaune.lt\/#primaryimage\",\"inLanguage\":\"lt-LT\",\"url\":\"https:\/\/apgyvendinimaskaune.lt\/wp-content\/uploads\/2014\/12\/2012-07-31-14.54.37.jpg\",\"width\":615,\"height\":461,\"caption\":\"apgyvendinimas Kaune\"},{\"@type\":\"WebPage\",\"@id\":\"https:\/\/apgyvendinimaskaune.lt\/#webpage\",\"url\":\"https:\/\/apgyvendinimaskaune.lt\/\",\"name\":\"Apgyvendinimas Kaune, Rivjera, darbuotoj\\u0173 apgyvendinimas Kaune\",\"isPartOf\":{\"@id\":\"https:\/\/apgyvendinimaskaune.lt\/#website\"},\"primaryImageOfPage\":{\"@id\":\"https:\/\/apgyvendinimaskaune.lt\/#primaryimage\"},\"datePublished\":\"2014-01-30T20:16:13+00:00\",\"dateModified\":\"2020-06-06T09:33:08+00:00\",\"description\":\"M\\u016bs\\u0173 si\\u016blomas apgyvendinimas Kaune vie\\u0161butyje Rivjera gali b\\u016bti trumpalaikis ar ilgalaikis skirtas \\u0161eimoms, draug\\u0173 kompanijai ar darbuotojams iki 30 \\u017emoni\\u0173.\",\"breadcrumb\":{\"@id\":\"https:\/\/apgyvendinimaskaune.lt\/#breadcrumb\"},\"inLanguage\":\"lt-LT\",\"potentialAction\":[{\"@type\":\"ReadAction\",\"target\":[\"https:\/\/apgyvendinimaskaune.lt\/\"]}]},{\"@type\":\"BreadcrumbList\",\"@id\":\"https:\/\/apgyvendinimaskaune.lt\/#breadcrumb\",\"itemListElement\":[{\"@type\":\"ListItem\",\"position\":1,\"item\":{\"@type\":\"WebPage\",\"@id\":\"https:\/\/apgyvendinimaskaune.lt\/\",\"url\":\"https:\/\/apgyvendinimaskaune.lt\/\",\"name\":\"Home\"}},{\"@type\":\"ListItem\",\"position\":2,\"item\":{\"@type\":\"WebPage\",\"@id\":\"https:\/\/apgyvendinimaskaune.lt\/\",\"url\":\"https:\/\/apgyvendinimaskaune.lt\/\",\"name\":\"Apgyvendinimas Kaune\"}}]}]}<\/script>\n<!-- \/ Yoast SEO plugin. -->","_links":{"self":[{"href":"https:\/\/apgyvendinimaskaune.lt\/index.php?rest_route=\/wp\/v2\/pages\/2"}],"collection":[{"href":"https:\/\/apgyvendinimaskaune.lt\/index.php?rest_route=\/wp\/v2\/pages"}],"about":[{"href":"https:\/\/apgyvendinimaskaune.lt\/index.php?rest_route=\/wp\/v2\/types\/page"}],"author":[{"embeddable":true,"href":"https:\/\/apgyvendinimaskaune.lt\/index.php?rest_route=\/wp\/v2\/users\/1"}],"replies":[{"embeddable":true,"href":"https:\/\/apgyvendinimaskaune.lt\/index.php?rest_route=%2Fwp%2Fv2%2Fcomments&post=2"}],"version-history":[{"count":19,"href":"https:\/\/apgyvendinimaskaune.lt\/index.php?rest_route=\/wp\/v2\/pages\/2\/revisions"}],"predecessor-version":[{"id":911,"href":"https:\/\/apgyvendinimaskaune.lt\/index.php?rest_route=\/wp\/v2\/pages\/2\/revisions\/911"}],"wp:featuredmedia":[{"embeddable":true,"href":"https:\/\/apgyvendinimaskaune.lt\/index.php?rest_route=\/wp\/v2\/media\/776"}],"wp:attachment":[{"href":"https:\/\/apgyvendinimaskaune.lt\/index.php?rest_route=%2Fwp%2Fv2%2Fmedia&parent=2"}],"curies":[{"name":"wp","href":"https:\/\/api.w.org\/{rel}","templated":true}]}}